 Suppose 0 = 29*b - q*b + 582. List the prime factors of b.
2, 97
Suppose 0 = -14*o - 17 + 87. Suppose 0 = j + 5*q - 1220, 447 - 6443 = -o*j + q. What are the prime factors of j?
2, 3, 5
Suppose 5*n + q = 226124, 0 = -2*n - 2*q + 61589 + 28859. List the prime factors of n.
3, 5, 67
Let x = -29180 + 54696. List the prime factors of x.
2, 6379
Suppose -23*r + 18214 = -46481 - 90877. List the prime factors of r.
2, 19, 89
Suppose 4*b = 6*b. Suppose 9*o - 8*o - 7 = b. Suppose 5*d - o - 87 = 3*a, -60 = -3*d + 3*a. What are the prime factors of d?
17
Let g = -3 - 0. Let t be (396/2)/3 + g. What are the prime factors of ((-33)/(-9))/(3/t)?
7, 11
Suppose -3*a - 7066 = -2*r - 5*a, a = -2*r + 7062. Suppose -r = -3*q + 5*k, 5*q + k - 5885 = 6*k. What are the prime factors of q?
2, 19, 31
Suppose -5*r = -5*a - 42890, 2*r - 125*a - 17184 = -130*a. What are the prime factors of r?
2, 7, 613
Let f(t) = 1. Let x(n) = 3*n - 35. Let b(j) = -3*f(j) - x(j). Let g be b(8). Suppose g*y - 72 = 16. List the prime factors of y.
11
Let v(a) = a**3 + 3*a**2 - a - 6. Let h be v(3). Let p be (h/(-5) - -3)*-9. What are the prime factors of p/7 + 16/56?
2
Let y(c) = 133*c**2 + 61*c - 366. What are the prime factors of y(7)?
2, 11, 13, 23
Suppose -2*r = 4 + 4. Let g be (13 + r)/((-6)/8). List the prime factors of ((-8)/(-12))/((-1)/g).
2
Suppose -51*h - 4*h + 1981595 = 0. What are the prime factors of h?
7, 5147
Suppose -6*y = -12 - 48. Let m(p) = 8*p**2 - 29*p - 36. What are the prime factors of m(y)?
2, 3, 79
Suppose -334 = -5*l - 3*t, -2*l + 3*t = -6*l + 269. Let g = l - 30. Suppose -5*p = -2*p + 2*a - g, 4*a - 16 = 0. List the prime factors of p.
3
Let x(g) = 21*g**2 - 87*g + 313. List the prime factors of x(32).
7, 2719
Let l(c) = 22*c**2 + 95*c - 424. What are the prime factors of l(27)?
7, 53
Let h(z) = -z**3 - 4*z**2 - 4*z - 3. Let w be h(-3). Let v be 114/(-152) + (-501)/4 + w. Let k = v - -217. List the prime factors of k.
7, 13
Suppose -4*z - 20 = -14*z. Suppose -142 = -3*f + 2*f. Suppose 0*v = -z*v + f. List the prime factors of v.
71
Let g = -377 - -367. Let j(p) = -53*p + 143. What are the prime factors of j(g)?
673
Suppose 4*s = -5*t + 13772 + 19542, 11*t - 41633 = -5*s. What are the prime factors of s?
3, 2777
Suppose 0 = 3*u + 2*t - 1724, 2*u + 346 = 3*t + 1504. Suppose 5*q = -3*j + u, q - 3*j - 94 = 32. Let b = -29 + q. What are the prime factors of b?
2, 11
Let v be (-15)/(-25)*(-2 + 7). Suppose -v*i = -4*x + 1510, -7*x + 6*x + 369 = -5*i. List the prime factors of x.
379
Suppose 0 = 3*w - 9, 3*c = -2*w + 22165 - 4303. List the prime factors of c.
2, 3, 31
Suppose -3*k - 4*k - k + 138552 = 0. List the prime factors of k.
3, 23, 251
Suppose -5*n + 15 = 4*p, -n + 3*p + 43 = 3*n. Let w be (n/(-5))/((-4)/40). Suppose -w*i = 384 - 1588. List the prime factors of i.
2, 43
Suppose -20*u + 306 = -21974. What are the prime factors of u?
2, 557
Suppose 2989 = -2*t + 3*t + 3*x, -3*x = 3*t - 8961. Suppose -5*v - 3*c = -t, v - 814 = 3*c - 224. List the prime factors of v.
2, 149
Suppose -23*j + 39560 + 19254 = -9*j. What are the prime factors of j?
4201
Let p(y) = 3*y**3 + 13*y**2 - 6*y - 4. List the prime factors of p(5).
2, 3, 37
Let a = 507 - 289. Suppose -a - 407 = -5*d. List the prime factors of d.
5
Let f(o) be the third derivative of o**6/40 - 2*o**4/3 + 13*o**3/6 + 138*o**2. List the prime factors of f(6).
5, 113
Suppose 5*c - 5 = 2*v, 2*v - 14 = -2*c + 2. Suppose 82 = -v*m + 162. Suppose 0 = -4*a - m, 0 = -5*t + a - 0*a + 284. What are the prime factors of t?
2, 7
Let a be 18/7 + (-60)/105. Suppose 7114 = 5*j - 2*n, -a*j + 4*n + 1416 = -1436. What are the prime factors of j?
2, 3, 79
Let b be 3 + (4 - -67)*17. Let j = 158 - 152. Suppose j*f - f = b. List the prime factors of f.
2, 11
Suppose -n - 2*j = 256, -5*n = -7*j + 2*j + 1280. Let z = n + 650. Suppose 9*p - 461 = z. What are the prime factors of p?
5, 19
Let y = 640 + -591. Let m = 1632 - y. List the prime factors of m.
1583
Let d(m) = 106*m**2 + 184*m + 302. List the prime factors of d(25).
2, 4447
Let v(f) = -32*f**3 - f**2 + f + 3. Let x be v(-1). Let z be (2 - 14) + 0/(-3). What are the prime factors of x*(4 + 28/z)?
5, 11
Let j = 33 - 29. Suppose j = s, 0*s - 5*s + 16 = -4*y. What are the prime factors of (-40)/15*((-139)/2 - y)?
2, 47
Let a(k) = -k**2 + 0*k**2 + 0*k + 11 + 4*k + 69. Let n be a(0). Let y = -44 + n. What are the prime factors of y?
2, 3
Let j(l) = -2*l**3 + 13*l**2 + 10*l - 17. Let f be j(7). Suppose 551 - 43 = f*z. What are the prime factors of z?
127
Let y(d) = -1890*d - 328. What are the prime factors of y(-8)?
2, 43
Let j(m) = -58*m + 652. What are the prime factors of j(-39)?
2, 31, 47
Let w(q) be the second derivative of 9*q**4/4 + q**3/2 - 4*q**2 - 2*q - 99. Let s be (1/2)/(1/4). What are the prime factors of w(s)?
2, 53
What are the prime factors of 5/(-30)*-458882 + (-8)/(-3) + -2?
76481
Suppose 2*j - 8936 = -5*a, 37*a = 5*j + 36*a - 22340. List the prime factors of j.
2, 1117
Let s(h) = 773*h + 4344. List the prime factors of s(60).
2, 3, 1409
List the prime factors of -3 - 11 - -24 - -9584.
2, 3, 13, 41
Let b(x) = -x**2 - 30*x + 36. Let f be b(-31). Suppose 5*y + i - 1054 = 2*y, -3*i - 1766 = -f*y. List the prime factors of y.
2, 11
Let n(s) = -s**3 - 6*s**2 + s + 11. Let p be n(-6). Suppose 8853 = p*u - d, -u = -0*u + 5*d - 1755. What are the prime factors of u?
2, 3, 5, 59
Let u = -4664 - -25112. List the prime factors of u.
2, 3, 71
Suppose 12382 = f - d - 10376, 5*d = -4*f + 90951. What are the prime factors of f?
3, 7583
Suppose -31*g + 256 = 4*s - 33*g, s + 4*g - 82 = 0. List the prime factors of (682/s)/((-2)/(-186)).
31
Suppose q + 4*y - 213 = 0, -4*q + 2*y + 408 = -408. Let w = -48 + q. List the prime factors of w.
157
Let q be ((-1 - -1) + -19)*(-25 - -22). Let g = q + -43. What are the prime factors of g?
2, 7
Let k(w) be the second derivative of 41*w**3/6 - 5*w**2 + 47*w. What are the prime factors of k(7)?
277
Let q(n) = 7*n + 11 - 7*n**3 - 26 + 17. Let m be q(-2). Suppose s = 2*v + 133 - m, -5*v + 408 = 4*s. List the prime factors of s.
97
Suppose -2*k - 10 = -32. Suppose k = -j - 60. Let w = -31 - j. What are the prime factors of w?
2, 5
Suppose 0 = -2*d - 3*m + 195, -2*m - 4 - 2 = 0. Suppose -180 = -5*h - 2*w + 18, 0 = 3*h - 3*w - d. Let r = 10 + h. What are the prime factors of r?
2, 3
Suppose 4 = -2*d, 4*d - 3 = -5*n - 11. What are the prime factors of 8 - 7 - -1016 - (n - 2)?
1019
Suppose -2*x + 1 = 4*u - x, 5*x - 5 = -4*u. Let f(v) = -v**2 - 6*v + 7. Let h be f(-6). Suppose u = -h*w + 135 + 19. What are the prime factors of w?
2, 11
Let k = 11826 - -5381. List the prime factors of k.
17207
Let m = -921 - -2807. Suppose 29*x = 19052 + m. What are the prime factors of x?
2, 19
Suppose -3*g - 2*d = 218, -d + 6*d - 67 = g. Let q = 75 + g. Suppose -2*h - 91 = -5*b, b - h = -q*h + 23. List the prime factors of b.
19
What are the prime factors of (17504354/(-1204))/(2/(-4))?
29077
Suppose 0 = -4*r - 2*r + 30. Suppose 22*w - 1722 = 19*w + r*l, -4*w + 2296 = -2*l. List the prime factors of w.
2, 7, 41
Suppose -3*o = -3*q - 28860, -8 = -3*q + 4. List the prime factors of o.
2, 3, 401
Let l(s) = -7*s**3 - 9*s**2 - 34*s - 20. Let j be l(-8). Suppose -3*q = 3*t - 1956, -5*q = 3*t - t - j. List the prime factors of q.
2, 163
Let n be (12/(-4) - -3) + 2. Suppose -u = n*u + 72. What are the prime factors of u/(-40) + (-584)/(-10)?
59
Let a(i) = 1575*i + 1390. What are the prime factors of a(22)?
2, 5, 17, 53
Suppose 0 = 4*c + 3*d - 40045, -35*d + 40*d = 2*c - 19977. What are the prime factors of c?
2, 5003
Let l be (-32)/20*(-150)/24. Suppose 8*u = l*u - 612. List the prime factors of u.
2, 3, 17
Suppose -16*z + 59 = -421. Suppose 4*k + z + 14 = 4*x, 0 = k. Suppose x*i - 402 - 918 = 0. List the prime factors of i.
2, 3, 5
Suppose -5*n = -3*i - 357, -2*n = -4*n. Let b = 279 + i. Suppose -4*z + 336 = -b. What are the prime factors of z?
2, 31
Suppose -20 = 4*i - 12, -5*i - 298 = -3*u. Suppose -591 = -3*o + u. What are the prime factors of o?
229
Let s = -7984 + 15842. What are the prime factors of s?
2, 3929
Let l(o) = -14*o - 36. Let y = -72 - -73. Let i be 1512/(-96) + y/(-4). What are the prime factors of l(i)?
2, 47
Suppose 0 = -110*f + 200*f - 104*f + 209594. L